6 + 4 + -131.
-56
Evaluate (-2 - -3 - -40) + (-60585 - -60509).
-35
What is the value of -10 - (50 + (-24 - 28))?
-8
Evaluate -50 - ((-19 - -8 - 10) + 3).
-32
What is the value of (0 - (-9 - 1)) + (-43 - (127 + -157))?
-3
Calculate 4 + 12 + (266 - 258).
24
(12 - 8) + -11 + 30 + 8
31
Evaluate 20 + -1 + 4 - (107 - 28).
-56
What is -3 - -18 - (6 + 0 - (104 - 107)) - -44?
50
Calculate (-85 + -21 + 23 - -14) + 18.
-51
(-3 - 4) + (7 - (0 + 7)) - (7 - 19)
5
Calculate -1 - 25 - (-137 + 83).
28
(6 + 8 - 37) + 4 + 129 + -7
103
Evaluate -42 + (33 + -84 + 57 - (22 + 1)).
-59
What is the value of 0 - -15 - (-31 + -25 + 26 + 4)?
41
101 + (-87 - -96) - 33
77
What is -22 + 2 - (13 - (18 - 17) - 12)?
-20
-20 - ((-7 + -21 + 11 - 2) + 8)
-9
What is the value of (-6 - (8 + -2)) + -2 - (-47 + 1)?
32
Calculate -11 - 0 - (25 - (0 - (-9 + 10 + -11))).
-26
Evaluate (-10 - (8 + 1 + -12)) + 14 - 25.
-18
What is 11 + -7 + -25 + 11 + 24 - 54?
-40
What is the value of (-9 - (2 - 5)) + 12 + -5 - (-9 - 1)?
11
Evaluate (345 - 316) + (-3 - -8).
34
Evaluate 36 + -36 + 25 + (5 - 2).
28
What is -11 + -4 - -3 - (1052 - 1061)?
-3
(-54 - -62 - 1) + (3 - -1) + -61
-50
What is -45 + -8 + (-147 - -158)?
-42
What is the value of 0 + -6 + (16 - (53 - 45)) + (3 - -12)?
17
Evaluate (-17 + -25 - -9) + 5 + -18.
-46
Calculate -2 - ((-17 - -34) + -22 + -34).
37
What is the value of 51 + 44 + -74 - (64 + (-9 - -2))?
-36
87 + (24 - 97) + -145
-131
Calculate (0 - (-3 + -2)) + -3 + (31 - -1) + -94.
-60
What is (1 + 1 - 0 - (193 - 192)) + (43 - -24)?
68
What is the value of (0 - -31) + (-552 - -613)?
92
Evaluate -127 + 213 + -117 - (0 + -14) - 24.
-41
Evaluate -6411 + 6315 + -21 + -1.
-118
-169 + 210 + (-29 - -3) + (-17 - 0)
-2
Calculate (0 + (-2 - -10) - 0) + -51 + 6.
-37
33 + -1 + -77 + 44
-1
Calculate 1 + 21 + (-2024 - -1874) + 30.
-98
-1 - (12 - 8 - -37) - (104 + -114)
-32
What is -9 - ((27 - (-20 - -25)) + -36)?
5
Evaluate -2 + 1 - (1296 + -1353).
56
What is the value of 9 + (60 - (-23 - -76))?
16
-6 - -2 - (45 + (-16 - 0) + 4)
-37
What is -11 - ((-420 - -409) + 0 + (1 - -27))?
-28
3 + -2 - 12 - (-29 + (2 - -41))
-25
What is the value of (7 - 7 - -9) + (69 - 10)?
68
What is the value of (47 - 0) + (44 - (133 - 66))?
24
(187 - 27 - 39) + 26 + (-2 - 11 - -4)
138
Calculate (18 - 0) + (568 - 278 - 289).
19
Calculate (-2 - -10 - 1) + (816 - 832) + (0 - -69).
60
Evaluate -14 + (-3 - (5 - 8 - -4)) - (10 + -16).
-12
Evaluate -39 - (-12 + -20 - -13 - 149).
129
What is the value of 5 - (-2 - 2) - (25 - 23) - -43?
50
Evaluate (-42 - -49) + -52 + (-2 - -1 - 1).
-47
What is -4 + 7 - 15 - -7 - -41?
36
13 + -10 + 4 + -29 + -19
-41
Evaluate -33 + 36 + (-4 - (33 - 20)).
-14
Evaluate -2981 + 3047 - (58 + 1).
7
Evaluate -73 - (-211 - (-248 - -89)).
-21
Calculate 528 + -567 - (-5 - (0 - -159)).
125
48 + (-46 + 53 - -38) + -121
-28
Calculate -33 + 0 - (-104 + -133 + 213).
-9
What is (-4 - 20) + -3 - (1140 + -1174)?
7
Calculate 39 + -184 + 16 + 6 + 21 + -4.
-106
What is -18 + (-51 + 80 - -38)?
49
Calculate -164 - ((-34 - -77) + -83 + 7).
-131
Evaluate 124 - (73 + 113 + -78).
16
-14 + -5 + -11 + (74 - -5)
49
What is 222 + -293 + (0 - -28)?
-43
Calculate 27 + -20 + (-11 - (8 - -4 - (2 - 14))).
-28
Evaluate -130 + 95 - (-2 + -35).
2
What is -246 + 93 + 157 + (0 - 19 - 1)?
-16
What is 87 + (-26 - -85) - 75?
71
Evaluate (8 + 1 - (7 + -33 - -34)) + 26.
27
(9 - 5 - (22 - 42)) + 23
47
What is -24 - (27 + 16 + (-40 - -66))?
-93
Calculate (13 - 46) + (-182 - -220) - (31 + 1 - 2).
-25
52 - (-21 + (-5 - -3 - 2))
77
-25 + 1 - (22 + -20)
-26
What is 20 + (41 - 21 - 14)?
26
Calculate (-39 - (-70 - -21)) + (-37 - (3 + -3)).
-27
Calculate -63 + (-58 - -71) + (10 - 44).
-84
Evaluate 1 + (1 - 39) + (-16 - 21 - (-41 + -5)).
-28
What is the value of 63 + (69 - 50) - 95?
-13
What is (3629 + -3621 - (11 - (0 - -1))) + 27?
25
(2 - 3) + (-28 - -5 - -39 - 28)
-13
(14 - 5) + (-17 - -9) + 9 + -3 + 5
12
Evaluate -10 - 48 - (-160 - -112).
-10
(8 - (5 + (-3 - 14) + 8)) + 2
14
Evaluate 1 + 2 - (-67 + -102 + 188).
-16
-18 + -9 + (-20 - 15) + -7
-69
(7 - 7) + -8 + (-24 - 42) - -15
-59
162 + -241 + -18 + 117
20
Calculate -1 + 40 - (10725 + -10619).
-67
What is -8 - (0 - (29 - (10 + -1)))?
12
What is the value of -78 + (-9 + (1 - (3 - 10)) - (18 - 13))?
-84
Evaluate (0 - 15) + (-258 - -196) + -2 + 27 + -7.
-59
20 + -52 + 13 - (3 + -18)
-4
-52 + -18 + (-20 - 0) - (4 - (-2 + -8))
-104
What is the value of -24 + 14 + (145 - 141)?
-6
Evaluate (9 - 0 - 3) + (6 - 3) + (3 - -4).
16
Evaluate (-110 - (13 - (29 + 2))) + 25.
-67
Calculate (-25 - -44 - (27 + -8)) + 24.
24
Calculate 29 + -24 - (-67 + -4 + 7).
69
-396 + 444 - (-2 + (-5 - -53))
2
What is (-8 - (-6 - 9)) + -9 + 14?
12
Evaluate ((9 - (9 - 11)) + 0 - 11) + 36 + 3.
39
What is the value of (-107 - (149 + -245)) + -57?
-68
89 + (-17 - (-15 - -4 - (13 - 18)))
78
-17 - (15 - 5 - 41) - (-4 - -18)
0
What is the value of -3 + 18 + (-16 - -39 - 6) - 15?
17
Evaluate (-34 - -29) + (2 - 2) + (20 - 18) + 4.
1
What is the value of -60 - (400 + -433 - (-10 - 0))?
-37
24 + -6 - (25 + -23) - 116
-100
What is the value of -4 + (-15 - 2) + 7 + -124 - -15?
-123
What is the value of -10 + 4 - (-976 + 990)?
-20
Evaluate 95 + -111 + 43 - -20.
47
Evaluate -83 - (-131 - -6) - 103.
-61
What is the value of -30 - (1 + -61 + 248 + -276)?
58
Calculate -7 - (-41 - -5 - (14 - 72)).
-29
Evaluate 54 + (-5 - (11 + -5 - 4 - -3)) - -11.
55
Calculate 18 - (42 - 12 - 16) - (-8 + -40 - -11).
41
What is the value of (1 - -3) + -9 + (111 - 135) - -17?
-12
What is (-29 - -4) + -6 + (-9 - -6)?
-34
What is 106 + -223 + 114 + (17 - -3)?
17
Evaluate 15 - ((20 - 28) + (5 - -8) - 2).
12
(-2 - 6) + -115 + (-9 - -38)
-94
What is the value of 49 + -82 - -22 - -37?
26
What is the value of -6 + 9 + 0 + -5 + (124 - 136)?
-14
(-46 + 117 - 139) + 80
12
Calculate -12 + (4 - -39) - (29 - 40).
42
-4 + -4 - -2 - (-2 + 2 + 3 + -68)
59
Evaluate -4 - (-237 + 121) - 6.
106
What is (-14 - -4) + (-5 - 69) + 6?
-78
What is -5 + 20 + 21 + -19 - (6 + 2) - -41?
50
140 + (440 - 429 - (0 - -34))
117
Evaluate -10 - (14 - ((26 - 2) + 25 + -34)).
-9
What is the value of 43 - (-13 + -2 + -3 + -24 + 38)?
47
What is 19 + 28 - (92 + -29 + -35)?
19
13 + -4 + (8 - (-3 - -8)) - 42
-30
103 + -74 + -46 + 1 + 7
-9
What is 89 - (20 + 1 - -7 - 22)?
83
Calculate -2 + (-6 - 1) - (114 - (17 - 24)).
-130
What is (-43 + 48 - -5 - (3 + -1 - 53)) + -4?
57
What is the value of -46 - (-2 - -2 - (15 + -16 + -4 + 6))?
-45
What is the value of 4 + -10 + 14 + -9 + -3 + 15?
11
What is (-1 - 6 - (161 - 183) - 7) + (-113 - 10)?
-115
Evaluate (-3 - (2 - 4)) + 300 + -283.
16
What is the value of (-42 - (12 + -25)) + -142 + 101?
-70
Evaluate 4 + -101 - ((34 - 2) + -27 + -13).
-89
-14 + -9 + 13 + (-6 - -18) + 116
118
(-13 + 26 - (-3 + -4)) + -21 + 25
24
Evaluate -33 - -22 - (-2 - -1) - (2 - (-9 + -34)).
-55
Evaluate (-1 - 1 - 3) + (351 - 284) - 14.
48
Calculate 30 - (164 + -34 + 14 + 16).
-130
13 + (0 - -2 - (30 - (-65 + 81)))
1
What is -73 + (0 + 6 - (64 - 71)) + -4?
-64
What is the value of -5 - (59 + -10 + (8 - 6 - (0 - -6)))?
-50
Calculate -2 + (-42 + -10 - -5) + 16 + -7.
-40
Calculate (-133 - -181) + -1 + -20.
27
What is the value of 44 - ((-1 - -40) + -274 + 211)?
68
Evaluate -16 + -13 + 29 + 2 + -8 - 0.
-6
Calculate (-33 - 6 - -28) + 8 + 3 + 4 - 126.
-122
Calculate (16 - (-15 - (-33 + 28 - 13))) + (0 - 7).
6
Evaluate 43 + (-51 - -21) + (-109 - (6 + -12)).
-90
What is -40 + 24 + 12 + (-70 - (14 + -10))?
-78
Evaluate -9 - 4 - 36 - ((5 - 5) + -3).
-46
0 + 0 + -11 + 29 + (4 - 24)
-2
What is -36 - (-13 - (21 - 32 - -20))?
-14
What is (-17 - 36 - -153) + -76?
24
What is -16 + (-16 + 22 - -3) + 113?
106
Evaluate (-10 - (5 + -8) - (0 - -6)) + 52.
39
Calculate (-13 - (-17 + -7)) + -69 + 66.
8
What is the value of 1 - (-59 + (43 + (-27 - -18) - 13))?
39
What is the value of (-103 - -105 - 52) + 72?
22
(-57 - 5) + 53 + (-106 - (-14 + 7))
-108
What is the value of (4 - -2) + -11 + (2 + -5 - -3)?
-5
Calculate 14 - ((-16 - (2 + -9)) + (-1 - 4)).
28
What is the value of -13 + -1 + (-1 - ((43 - 38) + -5))?
-15
Evaluate (2 - (-3 - -2)) + (-319 - -305) + 86.
75
What is the value of 30 + 1 + 9327 + -9327?
31
What is the value of -7 - (-369 + 343 - (1 + 8))?
28
What is the value of -29 + (43 - 21) + 20 + (-5 - -1)